 is divided by 751.
750
Calculate the remainder when 669660 is divided by 6205.
5725
What is the remainder when 2352235 is divided by 88?
83
What is the remainder when 14813644 is divided by 188?
184
Calculate the remainder when 625642 is divided by 625496.
146
Calculate the remainder when 1462768 is divided by 109.
97
Calculate the remainder when 3014210 is divided by 9820.
9290
Calculate the remainder when 636659 is divided by 64.
51
Calculate the remainder when 1664956 is divided by 147.
34
What is the remainder when 128359 is divided by 2377?
1
What is the remainder when 2023917 is divided by 144?
141
What is the remainder when 22662589 is divided by 2613?
40
What is the remainder when 13033067 is divided by 1425?
17
What is the remainder when 2129695 is divided by 709885?
40
What is the remainder when 49253 is divided by 12254?
237
Calculate the remainder when 139656 is divided by 1815.
1716
Calculate the remainder when 1508603 is divided by 911.
898
What is the remainder when 186410 is divided by 10349?
128
What is the remainder when 278003 is divided by 3473?
163
Calculate the remainder when 33678 is divided by 33396.
282
What is the remainder when 26791484 is divided by 482?
478
What is the remainder when 3429358 is divided by 5964?
58
Calculate the remainder when 3351814 is divided by 936.
934
What is the remainder when 733822 is divided by 124?
114
What is the remainder when 2323227 is divided by 964?
951
Calculate the remainder when 2125090 is divided by 467.
240
What is the remainder when 28345609 is divided by 246?
13
Calculate the remainder when 30656665 is divided by 389.
353
Calculate the remainder when 5604352 is divided by 23647.
13
What is the remainder when 2238486 is divided by 183?
30
What is the remainder when 291876 is divided by 15359?
55
Calculate the remainder when 802247 is divided by 5730.
47
What is the remainder when 417472 is divided by 6325?
22
Calculate the remainder when 247704 is divided by 1082.
1008
Calculate the remainder when 2865548 is divided by 2865546.
2
What is the remainder when 1068782 is divided by 45?
32
What is the remainder when 995047 is divided by 6258?
25
What is the remainder when 21777 is divided by 20202?
1575
What is the remainder when 80740 is divided by 192?
100
What is the remainder when 8248074 is divided by 69?
21
What is the remainder when 1495873 is divided by 99723?
28
What is the remainder when 15952211 is divided by 454?
13
Calculate the remainder when 1330074 is divided by 3912.
3906
What is the remainder when 14646058 is divided by 7323015?
28
What is the remainder when 15399314 is divided by 1468?
1462
What is the remainder when 29957 is divided by 9235?
2252
Calculate the remainder when 1298430 is divided by 1329.
1326
What is the remainder when 2897132 is divided by 18?
14
What is the remainder when 94248 is divided by 47030?
188
Calculate the remainder when 6727 is divided by 1906.
1009
What is the remainder when 200739743 is divided by 43?
5
Calculate the remainder when 132244 is divided by 5192.
2444
Calculate the remainder when 36552849 is divided by 774.
699
Calculate the remainder when 65392 is divided by 19977.
5461
What is the remainder when 47652328 is divided by 15?
13
Calculate the remainder when 1827206 is divided by 1432.
1406
Calculate the remainder when 26711 is divided by 1557.
242
Calculate the remainder when 185358145 is divided by 2689.
2686
What is the remainder when 638161 is divided by 214?
13
What is the remainder when 35265645 is divided by 8?
5
Calculate the remainder when 509727 is divided by 25.
2
Calculate the remainder when 24419245 is divided by 191.
86
What is the remainder when 15330676 is divided by 9534?
4
Calculate the remainder when 471428 is divided by 12389.
646
What is the remainder when 15520397 is divided by 805?
802
What is the remainder when 88620397 is divided by 22729?
26
Calculate the remainder when 23564889 is divided by 90.
9
Calculate the remainder when 2896568 is divided by 558.
548
Calculate the remainder when 21013437 is divided by 192783.
90
Calculate the remainder when 358332 is divided by 2740.
2132
What is the remainder when 298778 is divided by 48?
26
What is the remainder when 1363727 is divided by 454570?
17
Calculate the remainder when 15226603 is divided by 9042.
8917
Calculate the remainder when 4491 is divided by 305.
221
What is the remainder when 311992 is divided by 1038?
592
Calculate the remainder when 8408166 is divided by 1604.
1602
What is the remainder when 6635245 is divided by 349222?
27
What is the remainder when 146523 is divided by 4407?
1092
Calculate the remainder when 8457995 is divided by 1578.
1493
Calculate the remainder when 668645 is divided by 133706.
115
What is the remainder when 84625 is divided by 14071?
199
What is the remainder when 1765073 is divided by 105?
23
What is the remainder when 143180 is divided by 1962?
1916
What is the remainder when 25983 is divided by 968?
815
Calculate the remainder when 3061736 is divided by 8954.
8422
What is the remainder when 49759887 is divided by 366?
357
What is the remainder when 393005 is divided by 8711?
1010
Calculate the remainder when 19347603 is divided by 8412.
3
Calculate the remainder when 13579980 is divided by 304.
300
Calculate the remainder when 10483594 is divided by 361503.
7
Calculate the remainder when 9006 is divided by 1674.
636
What is the remainder when 1696867 is divided by 93?
82
What is the remainder when 34539 is divided by 2426?
575
Calculate the remainder when 1756020 is divided by 1755997.
23
What is the remainder when 1275235 is divided by 3484?
91
Calculate the remainder when 161385 is divided by 52440.
4065
What is the remainder when 34076 is divided by 903?
665
What is the remainder when 12399292 is divided by 77?
59
What is the remainder when 257907 is divided by 978?
693
Calculate the remainder when 445582 is divided by 55696.
14
What is the remainder when 154380 is divided by 51458?
6
What is the remainder when 37203066 is divided by 3919?
3918
Calculate the remainder when 506671 is divided by 5505.
211
Calculate the remainder when 218693720 is divided by 43738741.
15
Calculate the remainder when 16573069 is divided by 2.
1
What is the remainder when 9980682 is divided by 116?
42
Calculate the remainder when 77169 is divided by 76703.
466
Calculate the remainder when 42348 is divided by 14.
12
What is the remainder when 614906 is divided by 46?
24
Calculate the remainder when 915796 is divided by 45756.
676
Calculate the remainder when 474163 is divided by 472380.
1783
Calculate the remainder when 12836688 is divided by 1069719.
60
Calculate the remainder when 18856353 is divided by 15085.
103
What is the remainder when 8785 is divided by 3514?
1757
Calculate the remainder when 74907 is divided by 74906.
1
Calculate the remainder when 2005745 is divided by 113.
108
What is the remainder when 614233 is divided by 24?
1
What is the remainder when 4428280 is divided by 2789?
2137
Calculate the remainder when 143309 is divided by 1017.
929
What is the remainder when 10674524 is divided by 84?
56
Calculate the remainder when 6504541 is divided by 1705.
1671
What is the remainder when 23930442 is divided by 1087747?
8
What is the remainder when 229327 is divided by 2582?
2111
Calculate the remainder when 399029 is divided by 66490.
89
What is the remainder when 66640 is divided by 3009?
442
Calculate the remainder when 215153 is divided by 658.
645
What is the remainder when 9290250 is divided by 450?
0
Calculate the remainder when 165346722 is divided by 75.
72
Calculate the remainder when 172496 is divided by 65.
51
Calculate the remainder when 1646992 is divided by 247.
243
Calculate the remainder when 849497 is divided by 15205.
13222
What is the remainder when 20455 is divided by 1887?
1585
Calculate the remainder when 374814 is divided by 4164.
54
What is the remainder when 949958 is divided by 356?
150
Calculate the remainder when 791323 is divided by 1516.
1487
Calculate the remainder when 671079 is divided by 279.
84
Calculate the remainder when 8054525 is divided by 163.
43
What is the remainder when 515184 is divided by 269?
49
Calculate the remainder when 68395 is divided by 34139.
117
What is th